
Let g(q) = 4*q - 7. Suppose l - 8 = r, -5*l + 0*l - 3*r + 24 = 0. What is the remainder when g(6) is divided by l?
5
Suppose 234 = -2*n + 5*n. Let p(f) = -f**3 + 6*f**2 + 10*f - 1. What is the remainder when n is divided by p(7)?
18
What is the remainder when 124/20*(-15)/(-3) is divided by 11?
9
Let i(t) = 2*t**2 - 2*t - 4. Suppose -189 - 104 = -5*x - v, -4*v = -4*x + 244. Calculate the remainder when x is divided by i(-3).
19
Let d(h) = h**2 + 18*h + 20. Let q be d(-17). Suppose 35 = 4*o + q*o. What is the remainder when 8 is divided by o?
3
What is the remainder when 22 is divided by (8/12)/(1/18)?
10
Let f(d) = -d**2 - 1. Let z be f(-1). Let x = 8 + z. Calculate the remainder when 9 is divided by x.
3
Let p = 10 - 12. Suppose a + 4*i - 14 = 28, 3*i = a - 35. Calculate the remainder when a is divided by (p/5)/((-8)/200).
8
Let r(m) = -2*m**2 + 6*m - 5. Let a be r(2). Suppose 3*c = -3*t - 225, t - 185 = 2*c - 44. Calculate the remainder when 21 is divided by c/(-4)*a/(-3).
3
Let y(m) = m**2 - 5. What is the remainder when 2*(9 + 2) - 1 is divided by y(4)?
10
Let b = 182 + -72. Suppose b = -c + 3*c. Calculate the remainder when c is divided by 19.
17
Let o(c) = -2*c - 2. Let r be o(-2). Suppose r*y + y + 141 = 0. Let b = y - -83. What is the remainder when b is divided by 19?
17
Let o be 4 - 38 - (-1 - -2). Suppose 2*v = -116 + 8. Let k = o - v. Calculate the remainder when 55 is divided by k.
17
Suppose 12*g - 211 + 31 = 0. Suppose 3*y + 2*h = 88, -2 = h - 2*h. What is the remainder when y is divided by g?
13
Let m = -1 - -12. What is the remainder when 21 is divided by m?
10
Suppose 2*p - 3*p - 70 = -5*v, -5*v + 5*p + 50 = 0. What is the remainder when 35 is divided by v?
5
Let p(z) be the first derivative of -z**4 - 2*z**3/3 - z**2 + 2*z - 1. Let c = 43 - 27. What is the remainder when p(-2) is divided by c?
14
Suppose 4*s - 4*u = 2*s + 34, 0 = -2*s - 3*u + 20. Suppose 3*a - 14 = s. Let c(m) = 3*m - 3. Calculate the remainder when 46 is divided by c(a).
22
Let f = 10 + 21. Calculate the remainder when f is divided by 17.
14
Let h = 12 + 4. Suppose -z + 5*z + h = 0, -4*a + 104 = -z. What is the remainder when a is divided by 14?
11
Let u(z) = 16*z + 2. Let l be u(3). Suppose 3*c - l = -17. What is the remainder when 42 + 1/(2/(-2)) is divided by c?
8
Let c = -5 - 10. Let w = c + 44. What is the remainder when w is divided by 10?
9
Let x(c) = -c + 8. Let w be x(11). Let h = w + 8. Calculate the remainder when 18 is divided by h.
3
Suppose 0 = 2*u - 4, -3*s = u - 4*u - 84. Let o(b) = -b**3 + 11*b**2 - 9*b + 1. Calculate the remainder when s is divided by o(10).
8
Suppose 2*p - 143 = -17. Suppose 0 = -2*z - 5*a + p, 0*a - 32 = -z - 2*a. What is the remainder when z is divided by 12?
10
Suppose -4*n - 26 = -3*c, -2 = -c + 2*n + 10. What is the remainder when 4 is divided by c?
0
Calculate the remainder when ((-4)/(-8))/((-4)/464*-2) is divided by 6.
5
Let n(d) = -d - 12. Let i be n(-11). Let s = i - -21. Calculate the remainder when 39 is divided by s.
19
Suppose -2*b = -5*y - 3*b - 47, -4*y - 2*b - 40 = 0. Suppose 5*n - 7 = -3*w - 26, 4*n + 5 = w. Calculate the remainder when (-34)/y + n/(-9) is divided by 2.
0
Suppose -4*d + 230 = d. Calculate the remainder when d is divided by 16.
14
Let s = -13 - -28. What is the remainder when 25 is divided by s?
10
Suppose -5*a + 184 = -a. Let i be 0/((-5)/((-15)/(-6))). Suppose o - 5*o + c + 69 = i, 5*o = 2*c + 90. What is the remainder when a is divided by o?
14
Let g be (3 + 0)*11/(-3). Let j = g + 50. Calculate the remainder when 43 is divided by (-2)/((-6)/j) - -2.
13
Suppose 2*q = 4*n - 0*n + 10, -3*q - 2*n + 55 = 0. Suppose 0 = -4*v + 2*v + 84. Calculate the remainder when v is divided by q.
12
Let z(y) = y**3 + 7*y**2 - 10*y - 1. Suppose 0 = -b - 6 - 2. What is the remainder when 73 is divided by z(b)?
13
Suppose 0 = -4*t - 8, 5*t = 4*r + 3*t - 112. Let f(i) = 7*i + 1. What is the remainder when r is divided by f(2)?
12
Suppose -2*p = -1 - 3. Suppose -g = p*g - 75. Suppose 0 = -i + 2*i - g. What is the remainder when i is divided by 9?
7
Suppose 16 + 82 = 2*k. Let d(m) = -m**2 + 8*m + 10. Calculate the remainder when k is divided by d(7).
15
Suppose 4*u + 13 - 1 = 0. What is the remainder when 22 is divided by 8*u/(3/(-1))?
6
Calculate the remainder when (-150)/(-20)*268/6 is divided by 56.
55
Let n(u) = -6*u**3 - 2*u**2 - 2*u - 1. Suppose 4*x - 3*f + 7 = 0, -3*x - 3*f + 0*f = 0. What is the remainder when 7 is divided by n(x)?
2
Suppose r + 4 = 3*r. Let z be (-20)/(-6) - r/6. Suppose 4*a - z*b - 53 = 0, -4*a - 2*b = -0*b - 58. What is the remainder when a is divided by 8?
6
Let q be 606/21 + 1/7. Let b = 12 - 2. What is the remainder when q*(-2 - 2)/(-4) is divided by b?
9
Suppose -16 = 4*m - 4. Let g = m - -5. Suppose 2*r + 33 = 3*w - 32, -g*w - 5*r + 56 = 0. Calculate the remainder when 67 is divided by w.
21
Let s = -25 - -40. Suppose 0 = 4*w - 5*d - 261, -21*w + 18*w + 4*d + 197 = 0. What is the remainder when w is divided by s?
14
Suppose 4*k = -5 + 1. What is the remainder when 9 is divided by (2 - k) + -3 + 3?
0
Let h be 1/(53/13 + -4). Suppose 14*p = h*p + 14. Calculate the remainder when 39 is divided by p.
11
Suppose 5*c + 10 + 5 = 0, t = c + 20. Let n(y) = y**3 + 8*y**2 - 8*y + 12. Let k be n(-9). What is the remainder when t is divided by 4*(-9)/(-12) + k?
5
Suppose -604 = -4*d + 152. Calculate the remainder when d is divided by 32.
29
Let u = 79 + -74. Calculate the remainder when 12 is divided by u.
2
Suppose -h = -3*j - 44 - 0, -3*h + 3*j + 162 = 0. Suppose -h = -4*i - 23. Calculate the remainder when 1 - 2 - -17*1 is divided by i.
7
Suppose -63 = 4*v - 7. Let i be 10/5 + 4*-3. Let r = i - v. Calculate the remainder when 7 is divided by r.
3
Suppose 14*z = 19*z - 90. What is the remainder when 51 is divided by z?
15
Let u = -29 - -50. Calculate the remainder when u is divided by 598/46 + -1*5.
5
Let o(u) = -44*u + 32. Calculate the remainder when o(-4) is divided by 14.
12
Suppose -20 = -m - 4*m. Suppose 5*y - m*l = 0, l = -5*y - 3*l + 40. What is the remainder when y/10 - 48/(-5) is divided by 4?
2
Let r(d) = d**2 - 3*d + 3. What is the remainder when 62 is divided by r(5)?
10
Suppose 10*q - 13*q = -75. Calculate the remainder when 122 is divided by q.
22
Suppose u + 3*u = 36. Let s = 5 + u. Let z = -28 + 68. Calculate the remainder when z is divided by s.
12
Let k = 0 - -3. Suppose -k*d = -0 - 18. Let m(i) = i**2 - 4*i - 3. What is the remainder when 17 is divided by m(d)?
8
Let h be (-1)/(-2) + 393/6. Let g = h - 32. Suppose 0 = -2*k - 4*u + 28, 82 = 4*k - 3*u - 2*u. What is the remainder when g is divided by k?
16
Suppose -4*b + 28 = 4*i, -3*b - 6*i = -11*i - 45. What is the remainder when b is divided by 3?
1
Suppose 0 = -m - 1 + 3. Suppose t + 2 = 7. Calculate the remainder when (-9)/(-6)*(t + -1) is divided by m.
0
Suppose -2*q + 4*b + 56 = 20, -4*q + 52 = -4*b. What is the remainder when q is divided by (-9 + 4)*(-1)/1?
3
Let x be (6/12)/(2/16). Suppose -x*k + 49 = -19. Let h(b) = -b**2 - 10*b - 16. Calculate the remainder when k is divided by h(-7).
2
Calculate the remainder when 64 is divided by (1/(-3))/((-5)/255).
13
Calculate the remainder when 89 is divided by (5 - 2)/(-6)*-60.
29
Suppose 4*h - 5*h + 7 = -v, 5*v - 46 = -4*h. What is the remainder when -2*((-132)/(-8))/(-1) is divided by h?
6
Suppose 19 = 2*q - 9. Calculate the remainder when q is divided by 8.
6
Let f = 4 - 1. Calculate the remainder when 8 is divided by 0 - 8/((-12)/f).
0
Let g(z) = 30*z + 1. Let m(i) = i**3 - 9*i**2 + 5 - 2*i - 3*i**2 + 3*i. Calculate the remainder when g(1) is divided by m(12).
14
Let q = 26 + -22. Suppose -6*l + 3*h + 15 = -q*l, 4*h - 80 = -4*l. Calculate the remainder when 59 is divided by l.
14
Let u = 7 + -5. What is the remainder when u is divided by 1?
0
Let a = 8 - 4. Suppose -3*p + 27 = -0*p + 3*x, -p - a*x = -24. Suppose 5*u - 48 = p*h, -u + 3*h = -2*h - 18. Calculate the remainder when 13 is divided by u.
5
Let t = 178 - 361. What is the remainder when 42 is divided by t/(-12) - 6/24?
12
Let f(j) = -j - 12. Let h be f(-8). Let r(t) = 2*t**2 + 5*t + 6. Let i = -11 + 18. Calculate the remainder when r(h) is divided by i.
4
Let m = 5 + 12. What is the remainder when 84